6 divide 225981?
False
Is 20 a factor of 38710?
False
Is 7 a factor of 388051?
False
Is 242 a factor of 3591919?
False
Does 251 divide 2444991?
True
Is 1268535 a multiple of 95?
True
Is 6558553 a multiple of 918?
False
Is 236 a factor of 48616?
True
Is 18 a factor of 856741?
False
Is 108 a factor of 7917264?
True
Is 1560426 a multiple of 159?
True
Is 321377 a multiple of 28?
False
Is 1019349 a multiple of 425?
False
Is 103 a factor of 1371464?
False
Is 41 a factor of 57400?
True
Is 12 a factor of 356484?
True
Is 681821 a multiple of 379?
True
Is 140 a factor of 348040?
True
Does 34 divide 621332?
False
Is 198 a factor of 139986?
True
Does 706 divide 23275408?
True
Is 88 a factor of 511526?
False
Is 728355 a multiple of 240?
False
Is 22 a factor of 1895256?
True
Is 175 a factor of 62300?
True
Does 13 divide 2803580?
True
Does 237 divide 456575?
False
Does 45 divide 1729?
False
Is 6 a factor of 26244?
True
Does 5 divide 128605?
True
Is 547 a factor of 310696?
True
Does 81 divide 220353?
False
Is 11 a factor of 3433647?
False
Is 11172 a multiple of 84?
True
Is 19 a factor of 367740?
False
Is 230800 a multiple of 11?
False
Is 282897 a multiple of 284?
False
Is 13792281 a multiple of 13?
False
Is 3 a factor of 83619?
True
Does 472 divide 563568?
True
Is 24 a factor of 248706?
False
Is 7 a factor of 593880?
True
Is 4 a factor of 28600?
True
Is 230512 a multiple of 81?
False
Is 3297900 a multiple of 5?
True
Is 1400952 a multiple of 3?
True
Is 22 a factor of 188276?
True
Does 41 divide 1539878?
True
Is 40 a factor of 930280?
True
Is 136300 a multiple of 580?
True
Is 138 a factor of 33948?
True
Is 6111795 a multiple of 5?
True
Is 6 a factor of 71388?
True
Does 53 divide 794292?
False
Is 134390 a multiple of 57?
False
Is 34 a factor of 16388?
True
Does 138 divide 7438476?
True
Is 21 a factor of 74130?
True
Is 2 a factor of 36072?
True
Does 27 divide 14939025?
False
Is 58 a factor of 12633676?
True
Is 108 a factor of 73198?
False
Is 186810 a multiple of 195?
True
Is 19595968 a multiple of 16?
True
Is 212863 a multiple of 21?
False
Is 101 a factor of 293102?
True
Is 12 a factor of 29400?
True
Does 74 divide 257657?
False
Does 30 divide 2452491?
False
Is 88477 a multiple of 21?
False
Is 9 a factor of 2441840?
False
Is 349020 a multiple of 9?
True
Is 486 a factor of 107406?
True
Is 1041 a multiple of 239?
False
Is 2255409 a multiple of 13?
True
Does 61 divide 52137?
False
Is 29 a factor of 84651?
True
Does 38 divide 3212428?
False
Is 4 a factor of 784316?
True
Does 92 divide 53728?
True
Does 39 divide 402597?
True
Does 141 divide 289946?
False
Is 633 a factor of 2194611?
True
Is 28928 a multiple of 17?
False
Is 235482 even?
True
Is 191 a factor of 1209524?
False
Is 6 a factor of 626675?
False
Is 223940 a multiple of 20?
True
Does 61 divide 2823062?
False
Is 1610144 a multiple of 23?
False
Does 14 divide 401100?
True
Is 19 a factor of 548408?
False
Is 130 a factor of 1596530?
True
Is 64 a factor of 34880?
True
Is 636984 a multiple of 72?
True
Is 15 a factor of 773175?
True
Is 452 a factor of 839332?
False
Is 289688 a multiple of 70?
False
Is 23 a factor of 4937?
False
Is 709 a factor of 1569350?
False
Is 6 a factor of 1567051?
False
Does 44 divide 2765268?
True
Does 28 divide 307580?
True
Does 76 divide 421094?
False
Is 661915 a multiple of 48?
False
Is 16 a factor of 53616?
True
Does 60 divide 335238?
False
Does 253 divide 890845?
False
Does 42 divide 198492?
True
Is 7896 a multiple of 2?
True
Is 246 a factor of 8430912?
True
Does 614 divide 1264329?
False
Does 16 divide 134288?
True
Is 41 a factor of 21045?
False
Is 28167 a multiple of 123?
True
Is 921 a factor of 2276777?
False
Does 33 divide 18388?
False
Is 88550 a multiple of 53?
False
Is 46 a factor of 5793363?
False
Is 20 a factor of 3504580?
True
Is 229750 a multiple of 50?
True
Does 9 divide 47261?
False
Is 102858 a multiple of 474?
True
Is 932352 a multiple of 8?
True
Does 23 divide 2691667?
True
Is 78 a factor of 1256378?
False
Is 208233 a multiple of 9?
True
Does 912 divide 5337766?
False
Is 23114 a multiple of 13?
True
Is 7013556 a multiple of 12?
True
Does 27 divide 2672514?
True
Is 5369812 a multiple of 49?
True
Does 12 divide 1695864?
True
Is 197 a factor of 2695767?
False
Is 3 a factor of 90103?
False
Is 22 a factor of 332222?
True
Is 10 a factor of 86572?
False
Does 31 divide 127317?
True
Does 16 divide 1884192?
True
Does 57 divide 57467?
False
Does 316 divide 99763?
False
Does 43 divide 6424845?
True
Is 13 a factor of 560695?
False
Is 554217 a multiple of 330?
False
Is 1444309 a multiple of 3?
False
Does 240 divide 72402?
False
Does 10 divide 6208680?
True
Is 149 a factor of 930207?
True
Is 5218470 a multiple of 416?
False
Is 368 a factor of 629280?
True
Is 18 a factor of 136881?
False
Does 259 divide 24864?
True
Does 19 divide 2005355?
True
Does 149 divide 711540?
False
Is 1451200 a multiple of 160?
True
Does 33 divide 55058?
False
Does 50 divide 96978?
False
Is 75 a factor of 32100?
True
Is 13 a factor of 378404?
True
Does 163 divide 619237?
True
Is 13712094 a multiple of 22?
True
Is 77 a factor of 2229447?
False
Is 505 a factor of 2598730?
True
Is 240 a factor of 3182640?
True
Is 64 a factor of 154241?
False
Is 154993 a multiple of 59?
True
Is 2900070 a multiple of 434?
False
Is 116463 a multiple of 21?
False
Is 759 a factor of 1928619?
True
Is 2164360 a multiple of 110?
True
Is 48242 a multiple of 3?
False
Is 9 a factor of 1696527?
True
Is 221 a factor of 149396?
True
Is 155551 a multiple of 18?
False
Is 1643802 a multiple of 6?
True
Does 1430 divide 10666370?
True
Is 1767736 a multiple of 48?
False
Is 575498 a multiple of 29?
False
Does 67 divide 3246083?
True
Is 138 a factor of 39227742?
True
Does 52 divide 496704?
True
Does 20 divide 879146?
False
Is 7228471 a multiple of 38?
False
Does 6 divide 709158?
True
Is 131144 a multiple of 40?
False
Does 24 divide 52632?
True
Is 3677760 a multiple of 60?
True
Is 118747 a multiple of 56?
False
Does 77 divide 75383?
True
Is 171 a factor of 39062?
False
Does 79 divide 10236636?
False
Is 58 a factor of 39792?
False
Is 47730 a multiple of 3?
True
Is 1505999 a multiple of 106?
False
Is 17957659 a multiple of 161?
False
Does 364 divide 246428?
True
Is 225 a factor of 474750?
True
Is 24764 a multiple of 9?
False
Does 56 divide 160712?
False
Does 26 divide 478114?
True
Is 15 a factor of 209970?
True
Is 456713 a multiple of 68?
False
Does 178 divide 20237354?
True
Is 779 a factor of 2773710?
False
Is 32598635 a multiple of 143?
False
Is 1550682 a multiple of 62?
True
Is 226632 a multiple of 14?
True
Does 3 divide 58889?
False
Does 91 divide 167440?
True
Does 547 divide 1708162?
False
Is 53 a factor of 347629?
False
Does 155 divide 17980?
True
Does 11 divide 229196?
True
Is 2034472 a multiple of 11?
True
Is 4 a factor of 58890?
False
Is 89 a factor of 116275?
False
Does 75 divide 5744?
False
Is 1017 a factor of 9468270?
True
Is 298368 a multiple of 504?
True
Is 89 a factor of 4975367?
True
Does 32 divide 104608?
True
Does 138 divide 1104600?
False
Is 1016364 a multiple of 568?
False
Is 1013415 a multiple of 24?
False
Does 22 divide 58540?
False
Does 31 divide 6935196?
True
Is 110 a factor of 1441617?
False
Does 152 divide 1062784?
True
Does 552 divide 506736?
True
Is 2300625 a multiple of 45?
True
Does 146 divide 2755458?
True
Is 431968 a multiple of 28?
False
Does 13 divide 5740943?
True
Is 729408 a multiple of 15?
False
Is 1543486 a multiple of 82?
True
Is 5993000 a multiple of 500?
True
Is 131846 a multiple of 22?
True
Does 5 divide 81450?
True
Is 438668 a multiple of 14?
False
Is 13431870 a multiple of 90?
True
Is 151 a factor of 87930?
False
Is 111 a factor of 18152587?
False
Does 34 divide 88978?
True
Does 490 divide 681100?
True
Is 142 a factor of 58386?
False
Is 24 a factor of 210624?
True
Is 198895 a multiple of 198?
False
Is 29 a factor of 107097?
True
Is 14833272 a multiple of 24?
True
Does 39 divide 231309?
True
Is 5396606 a multiple of 24?
False
Is 441298 a multiple of 156?
False
Is 566200 a multiple of 760?
True
Is 137 a factor of 56379?
False
Does 104 divide 52936?
True
Is 1675082 a multiple of 103?
False
Is 10 a factor of 13065320?
True
Is 93 a factor of 4617357?
True
Is 15 a factor of 2428561?
False
Does 103 divide 1751?
True
Doe